(0 + 12)*(-24)/(-9)?
28
Let q be (3 + -1 - 41)*(-3 - -2). Let v = -26 - q. Let l = 129 + v. What is the remainder when l is divided by 34?
30
Calculate the remainder when 75 is divided by 77/((-3311)/(-344)) - (1 + -16).
6
Suppose 0 = 17*l + 28*l + 59*l - 20384. Calculate the remainder when 394 is divided by l.
2
Let j(z) = -51*z**3 + 3*z**2 + 6*z + 4. Let o be j(-2). Let q = o - 225. What is the remainder when q is divided by 38?
35
Suppose 81*r - 15*r - 271307 = 608935. Calculate the remainder when r is divided by 114.
113
Let c(t) = -t**2 - 5*t. Let b be c(-5). Suppose b = -8*k + 9*k - 44. Suppose k*x = 42*x + 108. What is the remainder when x is divided by 5?
4
Let z(p) = -83*p - 42. What is the remainder when 182 is divided by z(-1)?
18
Suppose 4*c - 78 = 234. Suppose -61*y + 930 = -55*y. Suppose -y*p + 159*p = 80. What is the remainder when c is divided by p?
18
Calculate the remainder when (-4 + 200)/14 + 93 is divided by 74.
33
Suppose 0 = a + 3, -5*x + a - 3*a - 66 = 0. Calculate the remainder when 651/12 + x/(-16) is divided by 46.
9
Let s = -124 - -123. What is the remainder when (((-1089)/27)/(1/3))/s is divided by 25?
21
Let q = 46 - 43. Suppose -q*w + 0*w - 8 = -l, 4*w = -l + 29. Let k = -99 - -182. Calculate the remainder when k is divided by l.
15
Suppose -26 + 381 = -3*x - 4*g, -4*x + 2*g - 466 = 0. Let y = -35 - x. Let b = 139 - y. What is the remainder when b is divided by 29?
28
Suppose 0 = -n + 22*c - 17*c + 11, -5*c = 5*n - 205. Calculate the remainder when 1789 is divided by n.
25
Suppose 158 = 16*k + 110. Suppose -k*c + 9 = -39. Calculate the remainder when 30 is divided by c.
14
What is the remainder when (-31550)/(-10) + (25 + -20 - 2*-1) is divided by 61?
51
Suppose 11*x - 948 = -78*x + 14538. Calculate the remainder when 749 is divided by x.
53
Let u(f) = -3*f + 5*f - 4 + 22*f**3 - 2*f**2 + 8 - 5. Let j be u(1). Calculate the remainder when 45 is divided by j - (2 + 0 + -4).
22
Suppose 2*n + 4*a - 656 = 0, 4*a + 1024 = -39*n + 42*n. Calculate the remainder when 25869 is divided by n.
333
Let v = 6456 + -5575. What is the remainder when v is divided by 23?
7
Suppose 57*x - 15210 = -21*x. Suppose 4*r = 2*h + 210, -3*r + 5*r + 5*h = 75. Calculate the remainder when x is divided by r.
45
Calculate the remainder when 481 is divided by 155 - (-29)/(87/36).
147
Let y be 6/(-4) + 28/8. Suppose -5*b + y*a = -0*a + 77, 2*b + 5*a = -25. What is the remainder when 52 is divided by 54*((-25)/b)/5?
16
Suppose -58*f + 1765 - 709 = -10*f. What is the remainder when 4991 is divided by f?
19
Suppose -6 = w, -55*u - 5*w = -51*u - 1614. What is the remainder when 1265 is divided by u?
32
Let x(j) = -j**3 - 9*j**2 + 18*j + 12. Calculate the remainder when x(-13) is divided by 6.
4
Let d = 17212 + -14454. Calculate the remainder when d is divided by 689.
2
Suppose -603*o + 558*o + 10890 = 0. What is the remainder when o is divided by 92?
58
Suppose -240 = -4*k + 4*o, 1023*k - 5*o = 1028*k - 300. What is the remainder when 685 is divided by k?
25
Let c be -9*(-38)/12*-2. Let a = -45 - c. Calculate the remainder when 57 is divided by a.
9
Calculate the remainder when ((-720)/420)/((-3)/931) is divided by 89.
87
Let z be (1 + -3 + -58)*7/(-14). Suppose -z = -2*q - 22. Calculate the remainder when 98 is divided by q.
2
Let j = -17972 + 18109. Calculate the remainder when j is divided by 48.
41
Let q = 468 + -474. What is the remainder when 8 is divided by (-152)/(-36) + q/27?
0
What is the remainder when 1497 is divided by (-654)/(-6) + (-53 - -38)?
87
Let j = -11224 - -29853. Calculate the remainder when j is divided by 18.
17
Suppose -16*t - t + 136 = 0. Let p = 20 - t. Calculate the remainder when (-274)/(-6) + 28/p + -2 is divided by 12.
10
Suppose -4*c = t + c + 201, 0 = -5*t - c - 1029. Let g = -198 - t. Calculate the remainder when 11 is divided by g.
3
Suppose 5*u = -d + 4, -u = -4*d - 4 + 20. Calculate the remainder when (-772)/(-9) + (-8)/(-36) is divided by d*((-76)/(-16) - 1).
11
What is the remainder when ((-3744)/56)/((-2)/56) is divided by 193?
135
Suppose -86*z + 8460 = 275*z + 1240. Suppose -5*k + 203 - 23 = 0. Calculate the remainder when k is divided by z.
16
Let v(k) = -k**3 + 12*k**2 - 2*k + 12. Let o be v(6). Let x = -145 + o. Suppose -x = -4*i - 15. Calculate the remainder when 26 is divided by i.
12
Suppose 2*h - 73*h = -37441 + 13727. Calculate the remainder when h is divided by 159.
16
What is the remainder when 310 is divided by ((-44)/2)/((-47)/(5170/44))?
35
Suppose 3*p - 11 = 1. Suppose -103 + 33 = -14*t. Suppose t*l - 259 = 4*f, -1 = p*f - 3*f. Calculate the remainder when l is divided by 27.
24
Calculate the remainder when (112/(-42))/((-48)/2556) is divided by 42.
16
Let b(q) = q**2 - 11*q + 11. Let n be b(11). Suppose 214 = n*u + 38. Calculate the remainder when 57 is divided by u.
9
Let q(b) = -3*b**2 - 2*b**2 - 7 + 3*b**2 + b**2 - 11*b. What is the remainder when 227 is divided by q(-7)?
17
Let a = 8 - 10. What is the remainder when (-1)/(a + 5) - 1420/(-12) is divided by 15?
13
Let y(j) = -j**3 - 24*j**2 + 19*j - 104. Let q be y(-25). What is the remainder when (-200)/16*q/(-5) - 4 is divided by 17?
9
Suppose -598*m + 16203 = -137*m + 30*m. Let y(k) = 13*k**2 + 2*k + 1. Calculate the remainder when m is divided by y(-1).
9
Let s = 5419 - 5391. What is the remainder when s is divided by 27?
1
Let c be (-2)/(120/(-322) - (-10)/35). Suppose 0 = 2*a + 5*s - 127, -s + c = 2*a - 84. Calculate the remainder when a is divided by 14.
9
Let v = 9 - 8. Let b = v - 61. Let c = 91 + b. What is the remainder when 91 is divided by c?
29
Let k = -11074 - -11162. Calculate the remainder when 5191 is divided by k.
87
Suppose 59 = 5*r - 4*o - 41, -3*r + 5*o = -60. Suppose 0 = 2*b + 2*b - r. Let j(c) = 3*c + 6. Calculate the remainder when 81 is divided by j(b).
18
Let c(m) = -9*m - 331. Let t(h) = -h + 1. Let j(z) = -c(z) - 2*t(z). Calculate the remainder when j(-10) is divided by 57.
48
Let w = 443 - 416. Calculate the remainder when (-3)/((9 + -18)/w) is divided by 5.
4
Suppose 0 = -5*s - 25, -4*v + 5*s + 25 = -16. Suppose y = -2*u + 2*y + 411, 0 = 2*u + v*y - 426. Calculate the remainder when u is divided by 10.
7
Suppose -4*n = -5*h + 5, 0 = 16*h - 20*h + 3*n + 5. Suppose -h*w = 3*w - 152. Calculate the remainder when 65 is divided by w.
8
Suppose -5*f = 4*n - 29 - 1939, -f - 1968 = -4*n. Let r = n + -483. Calculate the remainder when -2*54/(-4) - 1 is divided by r.
8
Suppose 2*d + 2*z - 176 = 0, -17*d + 2*z - 267 = -20*d. Calculate the remainder when 543 is divided by d.
88
Let g(q) = 25*q**2 + 1. Let x be g(1). Suppose 9*z - 79 = 101. Suppose 5*o - x = -2*t + 3*o, 2*t + 4*o = z. Calculate the remainder when 94 is divided by t.
14
Let h = 3 - -3. Let u = h + 0. Calculate the remainder when u is divided by ((-24)/(-18))/(1/12*8).
0
Suppose 3*d + 1961 = 2*g, 0*d = -4*g + 3*d + 3919. Let w = g - 923. What is the remainder when 120 is divided by w?
8
Suppose -3*c + h = -4*h + 171, -c - 77 = 5*h. Let i = 71 + c. What is the remainder when 8448/121 - (-4)/22 is divided by i?
7
Let f(r) = -5*r + 124. Let h(g) = -4*g + 126. Let q(s) = 5*f(s) - 4*h(s). What is the remainder when q(10) is divided by 4?
2
Let j(m) = 113*m + 15*m**2 - 8*m**2 - 113*m + 1 - 3. Calculate the remainder when 63 is divided by j(1).
3
Let p = 1518 - 1412. Suppose 0 = 6*k - 11*k + 30. Calculate the remainder when p is divided by k.
4
Calculate the remainder when (-42192)/(-42) + 3/7 + -3 is divided by 112.
106
Let s be (-72)/(-7)*(-84)/(-18). Suppose 0 = -10*o + 2*o + s. What is the remainder when 14 is divided by o?
2
Let c(j) = -2*j**2 + 514*j - 2507. Calculate the remainder when (-15)/(-6)*44/2 is divided by c(5).
3
Calculate the remainder when (-17271)/(-45) + -12 + (-2)/(-10) is divided by 81.
48
What is the remainder when 5846 is divided by -8 - (42/10)/(1/(-10))?
32
Let u = 62 - 43. Suppose m = -4*y + 8*y, -4*m = -5*y - 11. Suppose 4*x = 5*j + 3*x - 362, m*x - 208 = -3*j. Calculate the remainder when j is divided by u.
15
Calculate the remainder when 287 is divided by (0 - -3*1)*(-3 + (-10 - -19)).
17
Suppose 314 = -19*b + 3145. Let v = b - 134. Let c(z) = 11*z**2 - z. Calculate the remainder when v is divided by c(1).
5
What is the remainder 